{"id":1010,"date":"2026-01-07T12:08:17","date_gmt":"2026-01-07T11:08:17","guid":{"rendered":"https:\/\/www.locandacavaleri.com\/?page_id=1010"},"modified":"2026-01-07T12:24:40","modified_gmt":"2026-01-07T11:24:40","slug":"casa-con-vistas-al-canal","status":"publish","type":"page","link":"https:\/\/www.locandacavaleri.com\/es\/apartamentos\/casa-con-vistas-al-canal\/","title":{"rendered":"Casa con vistas al canal"},"content":{"rendered":"<div class=\"wpb-content-wrapper\"><p>[vc_row css_animation=\u00bb\u00bb row_type=\u00bbrow\u00bb use_row_as_full_screen_section=\u00bbno\u00bb type=\u00bbfull_width\u00bb angled_section=\u00bbno\u00bb text_align=\u00bbleft\u00bb background_image_as_pattern=\u00bbwithout_pattern\u00bb z_index=\u00bb\u00bb][vc_column]\n\t\t\t<!-- START Webcam REVOLUTION SLIDER 6.6.18 --><p class=\"rs-p-wp-fix\"><\/p>\n\t\t\t<rs-module-wrap id=\"rev_slider_4_1_wrapper\" data-source=\"gallery\" style=\"visibility:hidden;background:transparent;padding:0;margin:0px auto;margin-top:0;margin-bottom:0;\">\n\t\t\t\t<rs-module id=\"rev_slider_4_1\" style=\"\" data-version=\"6.6.18\">\n\t\t\t\t\t<rs-slides style=\"overflow: hidden; position: absolute;\">\n\t\t\t\t\t\t<rs-slide style=\"position: absolute;\" data-key=\"rs-25\" data-title=\"Slide\" data-anim=\"adpr:false;\" data-in=\"o:0;\" data-out=\"a:false;\">\n\t\t\t\t\t\t\t<img decoding=\"async\" src=\"\/\/www.locandacavaleri.com\/wp-content\/plugins\/revslider\/public\/assets\/assets\/dummy.png\" alt=\"\" width=\"1024\" height=\"683\" class=\"rev-slidebg tp-rs-img rs-lazyload\" data-lazyload=\"\/\/www.locandacavaleri.com\/new\/wp-content\/uploads\/2025\/11\/355690934_casagialla.jpg\" data-no-retina>\n<!---->\t\t\t\t\t\t<\/rs-slide>\n\t\t\t\t\t<\/rs-slides>\n\t\t\t\t<\/rs-module>\n\t\t\t\t<script>\n\t\t\t\t\tsetREVStartSize({c: 'rev_slider_4_1',rl:[1240,1024,778,480],el:[650,500,350,300],gw:[1240,1024,778,480],gh:[650,500,350,300],type:'standard',justify:'',layout:'fullwidth',mh:\"0\"});if (window.RS_MODULES!==undefined && window.RS_MODULES.modules!==undefined && window.RS_MODULES.modules[\"revslider41\"]!==undefined) {window.RS_MODULES.modules[\"revslider41\"].once = false;window.revapi4 = undefined;if (window.RS_MODULES.checkMinimal!==undefined) window.RS_MODULES.checkMinimal()}\n\t\t\t\t<\/script>\n\t\t\t<\/rs-module-wrap>\n\t\t\t<!-- END REVOLUTION SLIDER -->\n[\/vc_column][\/vc_row][vc_row css_animation=\u00bb\u00bb row_type=\u00bbrow\u00bb use_row_as_full_screen_section=\u00bbno\u00bb type=\u00bbgrid\u00bb angled_section=\u00bbno\u00bb text_align=\u00bbleft\u00bb background_image_as_pattern=\u00bbwithout_pattern\u00bb padding_top=\u00bb50&#8243; padding_bottom=\u00bb50&#8243; z_index=\u00bb\u00bb][vc_column][vc_column_text]<\/p>\n<h1 style=\"text-align: center;\">Casa Con Vista Canale<\/h1>\n<p>[\/vc_column_text][\/vc_column][\/vc_row][vc_row css_animation=\u00bb\u00bb row_type=\u00bbrow\u00bb use_row_as_full_screen_section=\u00bbno\u00bb type=\u00bbgrid\u00bb angled_section=\u00bbno\u00bb text_align=\u00bbleft\u00bb background_image_as_pattern=\u00bbwithout_pattern\u00bb padding_bottom=\u00bb40&#8243; z_index=\u00bb\u00bb][vc_column][vc_column_text]<\/p>\n<p style=\"text-align: center;\">Casa con Vista Canale cuenta con una terraza y se encuentra en Venecia, a solo 800 metros del puente de Rialto y a 1,2 km de la bas\u00edlica de San Marcos. Con vistas a la ciudad y al r\u00edo, este apartamento tambi\u00e9n dispone de conexi\u00f3n WiFi gratuita.<\/p>\n<p style=\"text-align: center;\">Este apartamento con aire acondicionado cuenta con 2 dormitorios, una sala de estar, una cocina con utensilios, nevera y cafetera, y 3 ba\u00f1os con bid\u00e9 y ducha. En este apartamento se proporcionan toallas y ropa de cama.<\/p>\n<p style=\"text-align: center;\">Los lugares de inter\u00e9s m\u00e1s famosos en los alrededores de este apartamento incluyen Ca&#8217; d&#8217;Oro, la plaza de San Marcos y el Palacio Ducal. El aeropuerto Marco Polo de Venecia se encuentra a 18 km.<\/p>\n<p>[\/vc_column_text][\/vc_column][\/vc_row][vc_row css_animation=\u00bb\u00bb row_type=\u00bbrow\u00bb use_row_as_full_screen_section=\u00bbno\u00bb type=\u00bbfull_width\u00bb angled_section=\u00bbno\u00bb text_align=\u00bbleft\u00bb background_image_as_pattern=\u00bbwithout_pattern\u00bb z_index=\u00bb\u00bb padding_top=\u00bb40&#8243; padding_bottom=\u00bb50&#8243;][vc_column][vc_gallery type=\u00bbimage_grid\u00bb images=\u00bb850,855,857,863,864&#8243; img_size=\u00bb500&#215;400&#8243; column_number=\u00bb5&#8243; grayscale=\u00bbno\u00bb images_space=\u00bbgallery_with_space\u00bb][\/vc_column][\/vc_row][vc_row css_animation=\u00bb\u00bb row_type=\u00bbrow\u00bb use_row_as_full_screen_section=\u00bbno\u00bb type=\u00bbgrid\u00bb angled_section=\u00bbno\u00bb text_align=\u00bbleft\u00bb background_image_as_pattern=\u00bbwithout_pattern\u00bb z_index=\u00bb\u00bb padding_top=\u00bb0&#8243; padding_bottom=\u00bb70&#8243;][vc_column][vc_column_text]<\/p>\n<h2 style=\"text-align: left;\">UBICACI\u00d3N<\/h2>\n<p style=\"text-align: left;\">4121, Cannaregio, 30121 Venecia, Italia<\/p>\n<p>[\/vc_column_text][vc_empty_space][vc_column_text]<\/p>\n<h2 style=\"text-align: left;\">CARACTER\u00cdSTICAS<\/h2>\n<ul>\n<li style=\"text-align: left;\">Alojamiento completo para ti solo<\/li>\n<li style=\"text-align: left;\">120 m\u00b2 de superficie<\/li>\n<li style=\"text-align: left;\">Cocina<\/li>\n<li style=\"text-align: left;\">Vistas a la ciudad<\/li>\n<li style=\"text-align: left;\">Lavadora<\/li>\n<li style=\"text-align: left;\">Conexi\u00f3n WiFi gratuita<\/li>\n<li style=\"text-align: left;\">Terraza<\/li>\n<li style=\"text-align: left;\">Ba\u00f1era<\/li>\n<li style=\"text-align: left;\">Aire acondicionado<\/li>\n<li style=\"text-align: left;\">Habitaciones para no fumadores<\/li>\n<\/ul>\n<p>[\/vc_column_text][vc_empty_space][vc_column_text]<\/p>\n<h2 style=\"text-align: left;\">Informaci\u00f3n importante<\/h2>\n<p style=\"text-align: left;\">Este establecimiento no admite fiestas de despedida de soltero\/a ni eventos similares.<br \/>\nEn respuesta al coronavirus (COVID-19), este establecimiento ha adoptado medidas adicionales de seguridad e higiene.<br \/>\nSi causas da\u00f1os en el establecimiento durante tu estancia, es posible que se te solicite el pago de hasta 500 \u20ac despu\u00e9s de la salida, de acuerdo con la pol\u00edtica de da\u00f1os del establecimiento.<br \/>\nCIN: IT027042B43OS4GW83<\/p>\n<p>[\/vc_column_text][\/vc_column][\/vc_row][vc_row css_animation=\u00bb\u00bb row_type=\u00bbrow\u00bb use_row_as_full_screen_section=\u00bbno\u00bb type=\u00bbfull_width\u00bb angled_section=\u00bbno\u00bb text_align=\u00bbleft\u00bb background_image_as_pattern=\u00bbwithout_pattern\u00bb background_image=\u00bb158&#8243; padding_top=\u00bb50&#8243; padding_bottom=\u00bb50&#8243; z_index=\u00bb\u00bb][vc_column][vc_column_text]<\/p>\n<h1 style=\"text-align: center;\">Posicion<\/h1>\n<p>[\/vc_column_text][vc_empty_space height=\u00bb20px\u00bb][vc_gmaps link=\u00bb#E-8_JTNDaWZyYW1lJTIwc3JjJTNEJTIyaHR0cHMlM0ElMkYlMkZ3d3cuZ29vZ2xlLmNvbSUyRm1hcHMlMkZlbWJlZCUzRnBiJTNEJTIxMW0xOCUyMTFtMTIlMjExbTMlMjExZDI3OTkuMzUzMTUwOTQ1MDU0NSUyMTJkMTIuMzMzNTM5MDc3MzY1Njc3JTIxM2Q0NS40NDI1MzkyMzQ4ODIyMyUyMTJtMyUyMTFmMCUyMTJmMCUyMTNmMCUyMTNtMiUyMTFpMTAyNCUyMTJpNzY4JTIxNGYxMy4xJTIxM20zJTIxMW0yJTIxMXMweDQ3N2ViMWRkMDM4OTBjZWIlMjUzQTB4OTI5NzEwNDdhNDM1OTBlZCUyMTJzRm9uZGFtZW50YSUyNTIwU2FudCUyNiUyMzM5JTNCQW5kcmVhJTI1MkMlMjUyMDQxMjElMjUyQyUyNTIwMzAxMjElMjUyMFZlbmV6aWElMjUyMFZFJTI1MkMlMjUyMEl0YWxpYSUyMTVlMCUyMTNtMiUyMTFzaXQlMjEyc2NoJTIxNHYxNzY1ODA2MjEzNDE1JTIxNW0yJTIxMXNpdCUyMTJzY2glMjIlMjB3aWR0aCUzRCUyMjYwMCUyMiUyMGhlaWdodCUzRCUyMjQ1MCUyMiUyMHN0eWxlJTNEJTIyYm9yZGVyJTNBMCUzQiUyMiUyMGFsbG93ZnVsbHNjcmVlbiUzRCUyMiUyMiUyMGxvYWRpbmclM0QlMjJsYXp5JTIyJTIwcmVmZXJyZXJwb2xpY3klM0QlMjJuby1yZWZlcnJlci13aGVuLWRvd25ncmFkZSUyMiUzRSUzQyUyRmlmcmFtZSUzRQ==\u00bb size=\u00bb800&#8243;][\/vc_column][\/vc_row]<\/p>\n<\/div>","protected":false},"excerpt":{"rendered":"<p>[vc_row css_animation=\u00bb\u00bb row_type=\u00bbrow\u00bb use_row_as_full_screen_section=\u00bbno\u00bb type=\u00bbfull_width\u00bb angled_section=\u00bbno\u00bb text_align=\u00bbleft\u00bb background_image_as_pattern=\u00bbwithout_pattern\u00bb z_index=\u00bb\u00bb][vc_column][\/vc_column][\/vc_row][vc_row css_animation=\u00bb\u00bb row_type=\u00bbrow\u00bb use_row_as_full_screen_section=\u00bbno\u00bb type=\u00bbgrid\u00bb angled_section=\u00bbno\u00bb text_align=\u00bbleft\u00bb background_image_as_pattern=\u00bbwithout_pattern\u00bb padding_top=\u00bb50&#8243; padding_bottom=\u00bb50&#8243; z_index=\u00bb\u00bb][vc_column][vc_column_text] Casa Con Vista Canale [\/vc_column_text][\/vc_column][\/vc_row][vc_row css_animation=\u00bb\u00bb row_type=\u00bbrow\u00bb use_row_as_full_screen_section=\u00bbno\u00bb type=\u00bbgrid\u00bb angled_section=\u00bbno\u00bb text_align=\u00bbleft\u00bb background_image_as_pattern=\u00bbwithout_pattern\u00bb padding_bottom=\u00bb40&#8243; z_index=\u00bb\u00bb][vc_column][vc_column_text] Casa con Vista Canale cuenta con una terraza y se encuentra en&#8230;<\/p>\n","protected":false},"author":1,"featured_media":0,"parent":1008,"menu_order":0,"comment_status":"closed","ping_status":"closed","template":"full_width.php","meta":{"footnotes":""},"class_list":["post-1010","page","type-page","status-publish","hentry"],"_links":{"self":[{"href":"https:\/\/www.locandacavaleri.com\/es\/wp-json\/wp\/v2\/pages\/1010","targetHints":{"allow":["GET"]}}],"collection":[{"href":"https:\/\/www.locandacavaleri.com\/es\/wp-json\/wp\/v2\/pages"}],"about":[{"href":"https:\/\/www.locandacavaleri.com\/es\/wp-json\/wp\/v2\/types\/page"}],"author":[{"embeddable":true,"href":"https:\/\/www.locandacavaleri.com\/es\/wp-json\/wp\/v2\/users\/1"}],"replies":[{"embeddable":true,"href":"https:\/\/www.locandacavaleri.com\/es\/wp-json\/wp\/v2\/comments?post=1010"}],"version-history":[{"count":2,"href":"https:\/\/www.locandacavaleri.com\/es\/wp-json\/wp\/v2\/pages\/1010\/revisions"}],"predecessor-version":[{"id":1044,"href":"https:\/\/www.locandacavaleri.com\/es\/wp-json\/wp\/v2\/pages\/1010\/revisions\/1044"}],"up":[{"embeddable":true,"href":"https:\/\/www.locandacavaleri.com\/es\/wp-json\/wp\/v2\/pages\/1008"}],"wp:attachment":[{"href":"https:\/\/www.locandacavaleri.com\/es\/wp-json\/wp\/v2\/media?parent=1010"}],"curies":[{"name":"wp","href":"https:\/\/api.w.org\/{rel}","templated":true}]}}

<div class="wpb-content-wrapper"><p>[vc_row css_animation=»» row_type=»row» use_row_as_full_screen_section=»no» type=»full_width» angled_section=»no» text_align=»left» background_image_as_pattern=»without_pattern» z_index=»»][vc_column]
			<!-- START Webcam REVOLUTION SLIDER 6.6.18 --><p class="rs-p-wp-fix"></p>
			<rs-module-wrap id="rev_slider_4_1_wrapper" data-source="gallery" style="visibility:hidden;background:transparent;padding:0;margin:0px auto;margin-top:0;margin-bottom:0;">
				<rs-module id="rev_slider_4_1" style="" data-version="6.6.18">
					<rs-slides style="overflow: hidden; position: absolute;">
						<rs-slide style="position: absolute;" data-key="rs-25" data-title="Slide" data-anim="adpr:false;" data-in="o:0;" data-out="a:false;">
							<img decoding="async" src="//www.locandacavaleri.com/wp-content/plugins/revslider/public/assets/assets/dummy.png" alt="" width="1024" height="683" class="rev-slidebg tp-rs-img rs-lazyload" data-lazyload="//www.locandacavaleri.com/new/wp-content/uploads/2025/11/355690934_casagialla.jpg" data-no-retina>
<!---->						</rs-slide>
					</rs-slides>
				</rs-module>
				<script>
					setREVStartSize({c: 'rev_slider_4_1',rl:[1240,1024,778,480],el:[650,500,350,300],gw:[1240,1024,778,480],gh:[650,500,350,300],type:'standard',justify:'',layout:'fullwidth',mh:"0"});if (window.RS_MODULES!==undefined && window.RS_MODULES.modules!==undefined && window.RS_MODULES.modules["revslider41"]!==undefined) {window.RS_MODULES.modules["revslider41"].once = false;window.revapi4 = undefined;if (window.RS_MODULES.checkMinimal!==undefined) window.RS_MODULES.checkMinimal()}
				</script>
			</rs-module-wrap>
			<!-- END REVOLUTION SLIDER -->
[/vc_column][/vc_row][vc_row css_animation=»» row_type=»row» use_row_as_full_screen_section=»no» type=»grid» angled_section=»no» text_align=»left» background_image_as_pattern=»without_pattern» padding_top=»50&#8243; padding_bottom=»50&#8243; z_index=»»][vc_column][vc_column_text]</p>
<h1 style="text-align: center;">Casa Con Vista Canale</h1>
<p>[/vc_column_text][/vc_column][/vc_row][vc_row css_animation=»» row_type=»row» use_row_as_full_screen_section=»no» type=»grid» angled_section=»no» text_align=»left» background_image_as_pattern=»without_pattern» padding_bottom=»40&#8243; z_index=»»][vc_column][vc_column_text]</p>
<p style="text-align: center;">Casa con Vista Canale cuenta con una terraza y se encuentra en Venecia, a solo 800 metros del puente de Rialto y a 1,2 km de la basílica de San Marcos. Con vistas a la ciudad y al río, este apartamento también dispone de conexión WiFi gratuita.</p>
<p style="text-align: center;">Este apartamento con aire acondicionado cuenta con 2 dormitorios, una sala de estar, una cocina con utensilios, nevera y cafetera, y 3 baños con bidé y ducha. En este apartamento se proporcionan toallas y ropa de cama.</p>
<p style="text-align: center;">Los lugares de interés más famosos en los alrededores de este apartamento incluyen Ca&#8217; d&#8217;Oro, la plaza de San Marcos y el Palacio Ducal. El aeropuerto Marco Polo de Venecia se encuentra a 18 km.</p>
<p>[/vc_column_text][/vc_column][/vc_row][vc_row css_animation=»» row_type=»row» use_row_as_full_screen_section=»no» type=»full_width» angled_section=»no» text_align=»left» background_image_as_pattern=»without_pattern» z_index=»» padding_top=»40&#8243; padding_bottom=»50&#8243;][vc_column][vc_gallery type=»image_grid» images=»850,855,857,863,864&#8243; img_size=»500&#215;400&#8243; column_number=»5&#8243; grayscale=»no» images_space=»gallery_with_space»][/vc_column][/vc_row][vc_row css_animation=»» row_type=»row» use_row_as_full_screen_section=»no» type=»grid» angled_section=»no» text_align=»left» background_image_as_pattern=»without_pattern» z_index=»» padding_top=»0&#8243; padding_bottom=»70&#8243;][vc_column][vc_column_text]</p>
<h2 style="text-align: left;">UBICACIÓN</h2>
<p style="text-align: left;">4121, Cannaregio, 30121 Venecia, Italia</p>
<p>[/vc_column_text][vc_empty_space][vc_column_text]</p>
<h2 style="text-align: left;">CARACTERÍSTICAS</h2>
<ul>
<li style="text-align: left;">Alojamiento completo para ti solo</li>
<li style="text-align: left;">120 m² de superficie</li>
<li style="text-align: left;">Cocina</li>
<li style="text-align: left;">Vistas a la ciudad</li>
<li style="text-align: left;">Lavadora</li>
<li style="text-align: left;">Conexión WiFi gratuita</li>
<li style="text-align: left;">Terraza</li>
<li style="text-align: left;">Bañera</li>
<li style="text-align: left;">Aire acondicionado</li>
<li style="text-align: left;">Habitaciones para no fumadores</li>
</ul>
<p>[/vc_column_text][vc_empty_space][vc_column_text]</p>
<h2 style="text-align: left;">Información importante</h2>
<p style="text-align: left;">Este establecimiento no admite fiestas de despedida de soltero/a ni eventos similares.<br />
En respuesta al coronavirus (COVID-19), este establecimiento ha adoptado medidas adicionales de seguridad e higiene.<br />
Si causas daños en el establecimiento durante tu estancia, es posible que se te solicite el pago de hasta 500 € después de la salida, de acuerdo con la política de daños del establecimiento.<br />
CIN: IT027042B43OS4GW83</p>
<p>[/vc_column_text][/vc_column][/vc_row][vc_row css_animation=»» row_type=»row» use_row_as_full_screen_section=»no» type=»full_width» angled_section=»no» text_align=»left» background_image_as_pattern=»without_pattern» background_image=»158&#8243; padding_top=»50&#8243; padding_bottom=»50&#8243; z_index=»»][vc_column][vc_column_text]</p>
<h1 style="text-align: center;">Posicion</h1>
<p>[/vc_column_text][vc_empty_space height=»20px»][vc_gmaps link=»#E-8_JTNDaWZyYW1lJTIwc3JjJTNEJTIyaHR0cHMlM0ElMkYlMkZ3d3cuZ29vZ2xlLmNvbSUyRm1hcHMlMkZlbWJlZCUzRnBiJTNEJTIxMW0xOCUyMTFtMTIlMjExbTMlMjExZDI3OTkuMzUzMTUwOTQ1MDU0NSUyMTJkMTIuMzMzNTM5MDc3MzY1Njc3JTIxM2Q0NS40NDI1MzkyMzQ4ODIyMyUyMTJtMyUyMTFmMCUyMTJmMCUyMTNmMCUyMTNtMiUyMTFpMTAyNCUyMTJpNzY4JTIxNGYxMy4xJTIxM20zJTIxMW0yJTIxMXMweDQ3N2ViMWRkMDM4OTBjZWIlMjUzQTB4OTI5NzEwNDdhNDM1OTBlZCUyMTJzRm9uZGFtZW50YSUyNTIwU2FudCUyNiUyMzM5JTNCQW5kcmVhJTI1MkMlMjUyMDQxMjElMjUyQyUyNTIwMzAxMjElMjUyMFZlbmV6aWElMjUyMFZFJTI1MkMlMjUyMEl0YWxpYSUyMTVlMCUyMTNtMiUyMTFzaXQlMjEyc2NoJTIxNHYxNzY1ODA2MjEzNDE1JTIxNW0yJTIxMXNpdCUyMTJzY2glMjIlMjB3aWR0aCUzRCUyMjYwMCUyMiUyMGhlaWdodCUzRCUyMjQ1MCUyMiUyMHN0eWxlJTNEJTIyYm9yZGVyJTNBMCUzQiUyMiUyMGFsbG93ZnVsbHNjcmVlbiUzRCUyMiUyMiUyMGxvYWRpbmclM0QlMjJsYXp5JTIyJTIwcmVmZXJyZXJwb2xpY3klM0QlMjJuby1yZWZlcnJlci13aGVuLWRvd25ncmFkZSUyMiUzRSUzQyUyRmlmcmFtZSUzRQ==» size=»800&#8243;][/vc_column][/vc_row]</p>
</div>
